{"id":208,"date":"2020-07-16T22:26:18","date_gmt":"2020-07-17T03:26:18","guid":{"rendered":"https:\/\/floreshoy.co\/?page_id=208"},"modified":"2024-01-12T12:53:52","modified_gmt":"2024-01-12T17:53:52","slug":"significado-lirios","status":"publish","type":"page","link":"https:\/\/www.floresparacolombia.com\/blog\/significado-lirios\/","title":{"rendered":"Significado Lirios"},"content":{"rendered":"<div id=\"ez-toc-container\" class=\"ez-toc-v2_0_58 counter-hierarchy ez-toc-counter ez-toc-grey ez-toc-container-direction\">\n<div class=\"ez-toc-title-container\">\n<p class=\"ez-toc-title \" >Tabla de Contenido<\/p>\n<span class=\"ez-toc-title-toggle\"><a href=\"#\" class=\"ez-toc-pull-right ez-toc-btn ez-toc-btn-xs ez-toc-btn-default ez-toc-toggle\" aria-label=\"Toggle Table of Content\" role=\"button\"><label for=\"item-69d05680d8998\" ><span class=\"\"><span class=\"eztoc-hide\" style=\"display:none;\">Toggle<\/span><span class=\"ez-toc-icon-toggle-span\"><svg style=\"fill: #999;color:#999\" xmlns=\"http:\/\/www.w3.org\/2000\/svg\" class=\"list-377408\" width=\"20px\" height=\"20px\" viewBox=\"0 0 24 24\" fill=\"none\"><path d=\"M6 6H4v2h2V6zm14 0H8v2h12V6zM4 11h2v2H4v-2zm16 0H8v2h12v-2zM4 16h2v2H4v-2zm16 0H8v2h12v-2z\" fill=\"currentColor\"><\/path><\/svg><svg style=\"fill: #999;color:#999\" class=\"arrow-unsorted-368013\" xmlns=\"http:\/\/www.w3.org\/2000\/svg\" width=\"10px\" height=\"10px\" viewBox=\"0 0 24 24\" version=\"1.2\" baseProfile=\"tiny\"><path d=\"M18.2 9.3l-6.2-6.3-6.2 6.3c-.2.2-.3.4-.3.7s.1.5.3.7c.2.2.4.3.7.3h11c.3 0 .5-.1.7-.3.2-.2.3-.5.3-.7s-.1-.5-.3-.7zM5.8 14.7l6.2 6.3 6.2-6.3c.2-.2.3-.5.3-.7s-.1-.5-.3-.7c-.2-.2-.4-.3-.7-.3h-11c-.3 0-.5.1-.7.3-.2.2-.3.5-.3.7s.1.5.3.7z\"\/><\/svg><\/span><\/span><\/label><input aria-label=\"Toggle\" aria-label=\"item-69d05680d8998\"  type=\"checkbox\" id=\"item-69d05680d8998\"><\/a><\/span><\/div>\n<nav><ul class='ez-toc-list ez-toc-list-level-1 ' ><li class='ez-toc-page-1 ez-toc-heading-level-2'><a class=\"ez-toc-link ez-toc-heading-1\" href=\"https:\/\/www.floresparacolombia.com\/blog\/significado-lirios\/#Origen_de_los_lirios\" title=\"Origen de los lirios\">Origen de los lirios<\/a><\/li><li class='ez-toc-page-1 ez-toc-heading-level-2'><a class=\"ez-toc-link ez-toc-heading-2\" href=\"https:\/\/www.floresparacolombia.com\/blog\/significado-lirios\/#Significado_de_los_lirios_regalados_por_color\" title=\"Significado de los lirios regalados por color \">Significado de los lirios regalados por color <\/a><ul class='ez-toc-list-level-3'><li class='ez-toc-heading-level-3'><a class=\"ez-toc-link ez-toc-heading-3\" href=\"https:\/\/www.floresparacolombia.com\/blog\/significado-lirios\/#Significado_de_los_lirios_blancos\" title=\"Significado de los lirios blancos\">Significado de los lirios blancos<\/a><\/li><li class='ez-toc-page-1 ez-toc-heading-level-3'><a class=\"ez-toc-link ez-toc-heading-4\" href=\"https:\/\/www.floresparacolombia.com\/blog\/significado-lirios\/#Lirios_naranjas\" title=\"Lirios naranjas\">Lirios naranjas<\/a><\/li><li class='ez-toc-page-1 ez-toc-heading-level-3'><a class=\"ez-toc-link ez-toc-heading-5\" href=\"https:\/\/www.floresparacolombia.com\/blog\/significado-lirios\/#Significado_de_los_lirios_rojos\" title=\"Significado de los lirios rojos\">Significado de los lirios rojos<\/a><\/li><li class='ez-toc-page-1 ez-toc-heading-level-3'><a class=\"ez-toc-link ez-toc-heading-6\" href=\"https:\/\/www.floresparacolombia.com\/blog\/significado-lirios\/#Lirios_morados\" title=\"Lirios morados\">Lirios morados<\/a><\/li><li class='ez-toc-page-1 ez-toc-heading-level-3'><a class=\"ez-toc-link ez-toc-heading-7\" href=\"https:\/\/www.floresparacolombia.com\/blog\/significado-lirios\/#Lirios_amarillos\" title=\"Lirios amarillos\">Lirios amarillos<\/a><\/li><\/ul><\/li><li class='ez-toc-page-1 ez-toc-heading-level-2'><a class=\"ez-toc-link ez-toc-heading-8\" href=\"https:\/\/www.floresparacolombia.com\/blog\/significado-lirios\/#Tipos_mas_comunes\" title=\"Tipos m\u00e1s comunes\">Tipos m\u00e1s comunes<\/a><ul class='ez-toc-list-level-3'><li class='ez-toc-heading-level-3'><a class=\"ez-toc-link ez-toc-heading-9\" href=\"https:\/\/www.floresparacolombia.com\/blog\/significado-lirios\/#Lirio_Chino\" title=\"Lirio Chino\">Lirio Chino<\/a><\/li><li class='ez-toc-page-1 ez-toc-heading-level-3'><a class=\"ez-toc-link ez-toc-heading-10\" href=\"https:\/\/www.floresparacolombia.com\/blog\/significado-lirios\/#Lirio_japones\" title=\"Lirio japon\u00e9s\">Lirio japon\u00e9s<\/a><\/li><\/ul><\/li><\/ul><\/nav><\/div>\n\n<div class=\"wp-block-columns\">\n<div class=\"wp-block-column\">\n<figure class=\"wp-block-image size-large\"><a href=\"\/blog\/lirios\/lirios-blancos\/\"><img width=\"2560\" height=\"1707\" src=\"https:\/\/floreshoy.co\/wp-content\/uploads\/2023\/11\/pexels-eugene-golovesov-12924123-edited-scaled.jpg\" alt=\"lirios blancos\" class=\"wp-image-1367\" srcset=\"https:\/\/floreshoy.co\/wp-content\/uploads\/2023\/11\/pexels-eugene-golovesov-12924123-edited-scaled.jpg 2560w, https:\/\/floreshoy.co\/wp-content\/uploads\/2023\/11\/pexels-eugene-golovesov-12924123-edited-300x200.jpg 300w, https:\/\/floreshoy.co\/wp-content\/uploads\/2023\/11\/pexels-eugene-golovesov-12924123-edited-1024x683.jpg 1024w, https:\/\/floreshoy.co\/wp-content\/uploads\/2023\/11\/pexels-eugene-golovesov-12924123-edited-768x512.jpg 768w, https:\/\/floreshoy.co\/wp-content\/uploads\/2023\/11\/pexels-eugene-golovesov-12924123-edited-1536x1024.jpg 1536w, https:\/\/floreshoy.co\/wp-content\/uploads\/2023\/11\/pexels-eugene-golovesov-12924123-edited-2048x1365.jpg 2048w\" sizes=\"(max-width: 2560px) 100vw, 2560px\" \/><\/a><figcaption><a href=\"\/blog\/lirios\/lirios-blancos\/\">Lirios Blancos<\/a><\/figcaption><\/figure>\n\n\n\n<figure class=\"wp-block-image size-large\"><a href=\"\/blog\/lirios\/lirios-amarillos\/\"><img width=\"2304\" height=\"1536\" src=\"https:\/\/floreshoy.co\/wp-content\/uploads\/2023\/11\/pexels-eugene-golovesov-15255220-edited-1.jpg\" alt=\"Lirios\" class=\"wp-image-1371\" srcset=\"https:\/\/floreshoy.co\/wp-content\/uploads\/2023\/11\/pexels-eugene-golovesov-15255220-edited-1.jpg 2304w, https:\/\/floreshoy.co\/wp-content\/uploads\/2023\/11\/pexels-eugene-golovesov-15255220-edited-1-300x200.jpg 300w, https:\/\/floreshoy.co\/wp-content\/uploads\/2023\/11\/pexels-eugene-golovesov-15255220-edited-1-1024x683.jpg 1024w, https:\/\/floreshoy.co\/wp-content\/uploads\/2023\/11\/pexels-eugene-golovesov-15255220-edited-1-768x512.jpg 768w, https:\/\/floreshoy.co\/wp-content\/uploads\/2023\/11\/pexels-eugene-golovesov-15255220-edited-1-1536x1024.jpg 1536w, https:\/\/floreshoy.co\/wp-content\/uploads\/2023\/11\/pexels-eugene-golovesov-15255220-edited-1-2048x1365.jpg 2048w\" sizes=\"(max-width: 2304px) 100vw, 2304px\" \/><\/a><figcaption><a href=\"\/blog\/lirios\/lirios-amarillos\/\">Lirios Amarillos<\/a><\/figcaption><\/figure>\n<\/div>\n\n\n\n<div class=\"wp-block-column\">\n<figure class=\"wp-block-image size-large\"><a href=\"\/blog\/lirios\/lirios-morados\/\"><img width=\"2560\" height=\"1708\" src=\"https:\/\/floreshoy.co\/wp-content\/uploads\/2023\/11\/pexels-faizi-ali-9109477-3-edited-scaled.jpg\" alt=\"Lirios\" class=\"wp-image-1368\" srcset=\"https:\/\/floreshoy.co\/wp-content\/uploads\/2023\/11\/pexels-faizi-ali-9109477-3-edited-scaled.jpg 2560w, https:\/\/floreshoy.co\/wp-content\/uploads\/2023\/11\/pexels-faizi-ali-9109477-3-edited-300x200.jpg 300w, https:\/\/floreshoy.co\/wp-content\/uploads\/2023\/11\/pexels-faizi-ali-9109477-3-edited-1024x683.jpg 1024w, https:\/\/floreshoy.co\/wp-content\/uploads\/2023\/11\/pexels-faizi-ali-9109477-3-edited-768x512.jpg 768w, https:\/\/floreshoy.co\/wp-content\/uploads\/2023\/11\/pexels-faizi-ali-9109477-3-edited-1536x1025.jpg 1536w, https:\/\/floreshoy.co\/wp-content\/uploads\/2023\/11\/pexels-faizi-ali-9109477-3-edited-2048x1366.jpg 2048w\" sizes=\"(max-width: 2560px) 100vw, 2560px\" \/><\/a><figcaption><a href=\"\/blog\/lirios\/lirios-morados\/\">Lirios Morados<\/a><\/figcaption><\/figure>\n\n\n\n<figure class=\"wp-block-image size-full\"><a href=\"\/blog\/lirios\/lirios-rojos\/\"><img width=\"859\" height=\"572\" src=\"https:\/\/floreshoy.co\/wp-content\/uploads\/2023\/11\/1232343-edited.jpg\" alt=\"Lirios\" class=\"wp-image-1372\" srcset=\"https:\/\/floreshoy.co\/wp-content\/uploads\/2023\/11\/1232343-edited.jpg 859w, https:\/\/floreshoy.co\/wp-content\/uploads\/2023\/11\/1232343-edited-300x200.jpg 300w, https:\/\/floreshoy.co\/wp-content\/uploads\/2023\/11\/1232343-edited-768x511.jpg 768w\" sizes=\"(max-width: 859px) 100vw, 859px\" \/><\/a><figcaption><a href=\"\/blog\/lirios\/lirios-rojos\/\">Lirios Rojos<\/a><\/figcaption><\/figure>\n<\/div>\n<\/div>\n\n\n\n<p>El significado de los lirios proviene de la tierra de los faraones donde seg\u00fan sus habitantes representaba el poder divino de los dioses, especialmente el de <a href=\"https:\/\/es.wikipedia.org\/wiki\/Horus\">Horus<\/a>.&nbsp;Se conoce tambi\u00e9n que en la antigua Grecia el Lirio era asociado con las diosas m\u00e1s bellas de dicha civilizaci\u00f3n.<\/p>\n\n\n\n<p>Sus significados en la antig\u00fcedad se asociaban con el nacimiento y la maternidad. Hoy \u00e9sta <a href=\"\/blog\/flores-a-domicilio\/\">hermosa flor<\/a> representa el amor, la amistad, la alegr\u00eda y a la uni\u00f3n alegre y leal entre las personas. En algunas religiones ven la flor como s\u00edmbolo de castidad, inocencia, pureza y piedad.<\/p>\n\n\n\n<h2><span class=\"ez-toc-section\" id=\"Origen_de_los_lirios\"><\/span>Origen de los lirios<span class=\"ez-toc-section-end\"><\/span><\/h2>\n\n\n\n<p>Pertenecen al g\u00e9nero<strong> <\/strong>Lilium en la familia de las<strong> <\/strong>Lili\u00e1ceas. Durante muchos a\u00f1os se pens\u00f3 que el origen de estos se encontraba en el hemisferio Norte. Pero fue descrita incluso en el antiguo Egipto por lo que su dataci\u00f3n es de hace miles de a\u00f1os.<\/p>\n\n\n\n<p>En la actualidad mantiene su popularidad en todo el mundo y su significado es de gran importancia. Son un importante impulso econ\u00f3mico en algunos pa\u00edses como Holanda y Colombia que son los principales productores mundiales. Adem\u00e1s ocupa un lugar importante en diferentes culturas por su representaci\u00f3n y simbolog\u00eda<strong>.<\/strong><\/p>\n\n\n\n<p>Nos gustar\u00eda recomendar un sitio web donde encontrar\u00e1s mucha <a href=\"https:\/\/www.floreshermosas.top\/lirios\/\">m\u00e1s informaci\u00f3n.<\/a><\/p>\n\n\n\n<h2><span class=\"ez-toc-section\" id=\"Significado_de_los_lirios_regalados_por_color\"><\/span>Significado de los lirios regalados por color <span class=\"ez-toc-section-end\"><\/span><\/h2>\n\n\n\n<p>Una de las principales caracter\u00edsticas, adem\u00e1s de su belleza, es su tama\u00f1o ya que pueden alcanzar f\u00e1cilmente un metro de altura. Son plantas que se pueden dar casi en todos los h\u00e1bitats como zonas monta\u00f1osas y boscosas. Su principal distintivo es el color y cada uno posee un significado.<\/p>\n\n\n\n<h3><span class=\"ez-toc-section\" id=\"Significado_de_los_lirios_blancos\"><\/span><a href=\"\/blog\/lirios\/lirios-blancos\/\">Significado de los lirios blancos<\/a><span class=\"ez-toc-section-end\"><\/span><\/h3>\n\n\n\n<figure class=\"wp-block-image size-large\"><img src=\"https:\/\/cdn.pixabay.com\/photo\/2018\/05\/11\/13\/48\/flowers-3390630_960_720.jpg\" alt=\"lirio blanco\"\/><figcaption>Lirios blancos con carpelos <\/figcaption><\/figure>\n\n\n\n<p>Los lirios blancos son reflejo de alegr\u00eda, felicidad y armon\u00eda en el hogar, es un regalo que suele darse a las madres primerizas.<\/p>\n\n\n\n<h3><span class=\"ez-toc-section\" id=\"Lirios_naranjas\"><\/span>Lirios naranjas<span class=\"ez-toc-section-end\"><\/span><\/h3>\n\n\n\n<figure class=\"wp-block-image size-large\"><img src=\"https:\/\/p1.pxfuel.com\/preview\/1023\/739\/658\/lillies-flowers-orange-lilly.jpg\" alt=\"significado de los lirios\"\/><figcaption>Lirios naranja con carpelos<\/figcaption><\/figure>\n\n\n\n<p>Simbolizan la amistad y el amor renovado, se obsequian como ofrenda de perd\u00f3n por descuidar u olvidar a ese ser que tanto amas.<\/p>\n\n\n\n<h3><span class=\"ez-toc-section\" id=\"Significado_de_los_lirios_rojos\"><\/span>Significado de los lirios rojos<span class=\"ez-toc-section-end\"><\/span><\/h3>\n\n\n\n<figure class=\"wp-block-image size-large\"><img src=\"https:\/\/p1.pxfuel.com\/preview\/517\/59\/672\/lilie-purple-flower-nature.jpg\" alt=\"lirio rojo\"\/><figcaption>Lirios rojos con tallo verde<\/figcaption><\/figure>\n\n\n\n<p>Demuestran un amor ardiente y lleno de pasi\u00f3n. Son un regalo perfecto entre los novios en sus primero meses de noviazgo.<\/p>\n\n\n\n<h3><span class=\"ez-toc-section\" id=\"Lirios_morados\"><\/span>Lirios morados<span class=\"ez-toc-section-end\"><\/span><\/h3>\n\n\n\n<figure class=\"wp-block-image size-large\"><img src=\"https:\/\/p0.piqsels.com\/preview\/681\/684\/10\/irises-purple-flowers-handsomely.jpg\" alt=\"lirios morados\"\/><figcaption>Lirios morados con amarillo<\/figcaption><\/figure>\n\n\n\n<p>Representan la pasi\u00f3n desbordada. Acompa\u00f1an muy bien los arreglos de la luna de miel. Adem\u00e1s de decorar y perfumar la habitaci\u00f3n con un delicioso aroma.<\/p>\n\n\n\n<h3><span class=\"ez-toc-section\" id=\"Lirios_amarillos\"><\/span>Lirios amarillos<span class=\"ez-toc-section-end\"><\/span><\/h3>\n\n\n\n<figure class=\"wp-block-image size-large\"><img src=\"https:\/\/p1.pxfuel.com\/preview\/152\/295\/725\/flowers-lily-flowers-hybrid-yellow-pair-blossom.jpg\" alt=\"lirios amarillos\"\/><figcaption> flores amarillas<\/figcaption><\/figure>\n\n\n\n<p>Simbolizan alegr\u00eda, energ\u00eda y buena disposici\u00f3n hacia las cosas nuevas. Por su color es ideal para obsequiar a la pareja ya que reaviva la energ\u00eda rom\u00e1ntica.<\/p>\n\n\n\n<h2><span class=\"ez-toc-section\" id=\"Tipos_mas_comunes\"><\/span>Tipos m\u00e1s comunes<span class=\"ez-toc-section-end\"><\/span><\/h2>\n\n\n\n<p>Existe gran variedad en el mundo. Pero hay dos variedades que son utilizadas com\u00fanmente. Estos tipos son:<\/p>\n\n\n\n<h3><span class=\"ez-toc-section\" id=\"Lirio_Chino\"><\/span>Lirio Chino<span class=\"ez-toc-section-end\"><\/span><\/h3>\n\n\n\n<figure class=\"wp-block-image size-large\"><img src=\"https:\/\/cdn.pixabay.com\/photo\/2015\/07\/04\/00\/24\/asian-lily-830890_960_720.jpg\" alt=\"lirio asiatico\"\/><figcaption>Lirio Chino morado con blanco<\/figcaption><\/figure>\n\n\n\n<p>Se regala muy a menudo a mujeres en su d\u00eda de cumplea\u00f1os y en el d\u00eda de su boda ya que simboliza la maternidad. De manera que se utiliza tambi\u00e9n en la decoraci\u00f3n de bodas por su belleza ex\u00f3tica. El nombre en chino de esta especie de flor traduce \u201cUni\u00f3n feliz por cien a\u00f1os\u201d muestra de que est\u00e1 asociado a los matrimonios duraderos y felices.<\/p>\n\n\n\n<p>El Lirio chino es una flor que crece hasta 4 pies de altura con forma de bombillo y est\u00e1 compuesta por seis p\u00e9talos grandes que se estrechan hacia el interior.<\/p>\n\n\n\n<h3><span class=\"ez-toc-section\" id=\"Lirio_japones\"><\/span>Lirio japon\u00e9s<span class=\"ez-toc-section-end\"><\/span><\/h3>\n\n\n\n<figure class=\"wp-block-image size-large\"><img src=\"https:\/\/upload.wikimedia.org\/wikipedia\/commons\/thumb\/0\/0b\/Lirio_japon%C3%A9s_-_Azucena_%28Lilium_%27harmony%27%29_-_Flickr_-_Alejandro_Bayer_%282%29.jpg\/800px-Lirio_japon%C3%A9s_-_Azucena_%28Lilium_%27harmony%27%29_-_Flickr_-_Alejandro_Bayer_%282%29.jpg\" alt=\"lirio japones\"\/><figcaption>Lirio japon\u00e9s naranja con tallo verde<\/figcaption><\/figure>\n\n\n\n<p>El lirio japon\u00e9s tambi\u00e9n conocido en castellano como lirio persa o mariposa. Tiene como nombre cient\u00edfico Iris jap\u00f3nica. Ha sido utilizado tradicionalmente en la cultura asi\u00e1tica como medicina. Es una planta que crece lentamente, perenne y que puede alcanzar hasta medio metro de altura.<\/p>\n\n\n\n<p>Son com\u00fanmente regalados para mostrar condolencias y acompa\u00f1amiento en el dolor ajeno por la p\u00e9rdida de un ser querido.<\/p>\n<!-- AddThis Advanced Settings generic via filter on the_content --><!-- AddThis Share Buttons generic via filter on the_content -->","protected":false},"excerpt":{"rendered":"<p>El significado de los lirios proviene de la tierra de los faraones donde seg\u00fan sus habitantes representaba el poder divino de los dioses, especialmente el de Horus.&nbsp;Se conoce tambi\u00e9n que en la antigua Grecia el Lirio era asociado con las diosas m\u00e1s bellas de dicha civilizaci\u00f3n. Sus significados en la antig\u00fcedad se asociaban con el &hellip; <a href=\"https:\/\/www.floresparacolombia.com\/blog\/significado-lirios\/\" class=\"more-link\">Sigue leyendo <span class=\"screen-reader-text\">Significado Lirios<\/span><\/a><!-- AddThis Advanced Settings generic via filter on get_the_excerpt --><!-- AddThis Share Buttons generic via filter on get_the_excerpt --><\/p>\n","protected":false},"author":1,"featured_media":1521,"parent":0,"menu_order":0,"comment_status":"closed","ping_status":"closed","template":"","meta":[],"yoast_head":"<!-- This site is optimized with the Yoast SEO plugin v19.4 - https:\/\/yoast.com\/wordpress\/plugins\/seo\/ -->\n<title>Significado lirios, seg\u00fan su color - Blog de Flores \u2705<\/title>\n<meta name=\"description\" content=\"Existen gran variedad de flores y su significado es de gran importancia - Encuentra aqu\u00ed el significado de los Lirios y sus colores \u2705\" \/>\n<meta name=\"robots\" content=\"index, follow, max-snippet:-1, max-image-preview:large, max-video-preview:-1\" \/>\n<link rel=\"canonical\" href=\"https:\/\/www.floresparacolombia.com\/blog\/significado-lirios\/\" \/>\n<meta property=\"og:locale\" content=\"es_ES\" \/>\n<meta property=\"og:type\" content=\"article\" \/>\n<meta property=\"og:title\" content=\"Significado lirios, seg\u00fan su color - Blog de Flores \u2705\" \/>\n<meta property=\"og:description\" content=\"Existen gran variedad de flores y su significado es de gran importancia - Encuentra aqu\u00ed el significado de los Lirios y sus colores \u2705\" \/>\n<meta property=\"og:url\" content=\"https:\/\/www.floresparacolombia.com\/blog\/significado-lirios\/\" \/>\n<meta property=\"og:site_name\" content=\"Blog\" \/>\n<meta property=\"article:publisher\" content=\"https:\/\/www.facebook.com\/FloresparaColombia\/\" \/>\n<meta property=\"article:modified_time\" content=\"2024-01-12T17:53:52+00:00\" \/>\n<meta property=\"og:image\" content=\"https:\/\/floreshoy.co\/wp-content\/uploads\/2024\/01\/Diseno-sin-titulo-2023-06-08T092845.035-e1700057189902-825x510-1.jpg\" \/>\n\t<meta property=\"og:image:width\" content=\"825\" \/>\n\t<meta property=\"og:image:height\" content=\"510\" \/>\n\t<meta property=\"og:image:type\" content=\"image\/jpeg\" \/>\n<meta name=\"twitter:card\" content=\"summary_large_image\" \/>\n<meta name=\"twitter:site\" content=\"@florescolombia\" \/>\n<meta name=\"twitter:label1\" content=\"Tiempo estimado de lectura\" \/>\n\t<meta name=\"twitter:data1\" content=\"6 minutos\" \/>\n<script type=\"application\/ld+json\" class=\"yoast-schema-graph\">{\"@context\":\"https:\/\/schema.org\",\"@graph\":[{\"@type\":\"Organization\",\"@id\":\"https:\/\/www.floresparacolombia.com\/blog\/#organization\",\"name\":\"Flores Para Colombia S.A.S.\",\"url\":\"https:\/\/www.floresparacolombia.com\/blog\/\",\"sameAs\":[\"https:\/\/www.instagram.com\/floresparacolombia\/\",\"https:\/\/www.youtube.com\/user\/FloresParaColombia1\",\"https:\/\/co.pinterest.com\/florescolombia\/\",\"https:\/\/www.facebook.com\/FloresparaColombia\/\",\"https:\/\/twitter.com\/florescolombia\"],\"logo\":{\"@type\":\"ImageObject\",\"inLanguage\":\"es-CO\",\"@id\":\"https:\/\/www.floresparacolombia.com\/blog\/#\/schema\/logo\/image\/\",\"url\":\"https:\/\/floreshoy.co\/wp-content\/uploads\/2020\/05\/144x144.png\",\"contentUrl\":\"https:\/\/floreshoy.co\/wp-content\/uploads\/2020\/05\/144x144.png\",\"width\":144,\"height\":144,\"caption\":\"Flores Para Colombia S.A.S.\"},\"image\":{\"@id\":\"https:\/\/www.floresparacolombia.com\/blog\/#\/schema\/logo\/image\/\"}},{\"@type\":\"WebSite\",\"@id\":\"https:\/\/www.floresparacolombia.com\/blog\/#website\",\"url\":\"https:\/\/www.floresparacolombia.com\/blog\/\",\"name\":\"Blog\",\"description\":\"FloresParaColombia.com\",\"publisher\":{\"@id\":\"https:\/\/www.floresparacolombia.com\/blog\/#organization\"},\"potentialAction\":[{\"@type\":\"SearchAction\",\"target\":{\"@type\":\"EntryPoint\",\"urlTemplate\":\"https:\/\/www.floresparacolombia.com\/blog\/?s={search_term_string}\"},\"query-input\":\"required name=search_term_string\"}],\"inLanguage\":\"es-CO\"},{\"@type\":\"WebPage\",\"@id\":\"https:\/\/www.floresparacolombia.com\/blog\/significado-lirios\/\",\"url\":\"https:\/\/www.floresparacolombia.com\/blog\/significado-lirios\/\",\"name\":\"Significado lirios, seg\u00fan su color - Blog de Flores \u2705\",\"isPartOf\":{\"@id\":\"https:\/\/www.floresparacolombia.com\/blog\/#website\"},\"datePublished\":\"2020-07-17T03:26:18+00:00\",\"dateModified\":\"2024-01-12T17:53:52+00:00\",\"description\":\"Existen gran variedad de flores y su significado es de gran importancia - Encuentra aqu\u00ed el significado de los Lirios y sus colores \u2705\",\"breadcrumb\":{\"@id\":\"https:\/\/www.floresparacolombia.com\/blog\/significado-lirios\/#breadcrumb\"},\"inLanguage\":\"es-CO\",\"potentialAction\":[{\"@type\":\"ReadAction\",\"target\":[\"https:\/\/www.floresparacolombia.com\/blog\/significado-lirios\/\"]}]},{\"@type\":\"BreadcrumbList\",\"@id\":\"https:\/\/www.floresparacolombia.com\/blog\/significado-lirios\/#breadcrumb\",\"itemListElement\":[{\"@type\":\"ListItem\",\"position\":1,\"name\":\"Home\",\"item\":\"https:\/\/www.floresparacolombia.com\/blog\/\"},{\"@type\":\"ListItem\",\"position\":2,\"name\":\"Significado Lirios\"}]}]}<\/script>\n<!-- \/ Yoast SEO plugin. -->","yoast_head_json":{"title":"Significado lirios, seg\u00fan su color - Blog de Flores \u2705","description":"Existen gran variedad de flores y su significado es de gran importancia - Encuentra aqu\u00ed el significado de los Lirios y sus colores \u2705","robots":{"index":"index","follow":"follow","max-snippet":"max-snippet:-1","max-image-preview":"max-image-preview:large","max-video-preview":"max-video-preview:-1"},"canonical":"https:\/\/www.floresparacolombia.com\/blog\/significado-lirios\/","og_locale":"es_ES","og_type":"article","og_title":"Significado lirios, seg\u00fan su color - Blog de Flores \u2705","og_description":"Existen gran variedad de flores y su significado es de gran importancia - Encuentra aqu\u00ed el significado de los Lirios y sus colores \u2705","og_url":"https:\/\/www.floresparacolombia.com\/blog\/significado-lirios\/","og_site_name":"Blog","article_publisher":"https:\/\/www.facebook.com\/FloresparaColombia\/","article_modified_time":"2024-01-12T17:53:52+00:00","og_image":[{"width":825,"height":510,"url":"https:\/\/floreshoy.co\/wp-content\/uploads\/2024\/01\/Diseno-sin-titulo-2023-06-08T092845.035-e1700057189902-825x510-1.jpg","type":"image\/jpeg"}],"twitter_card":"summary_large_image","twitter_site":"@florescolombia","twitter_misc":{"Tiempo estimado de lectura":"6 minutos"},"schema":{"@context":"https:\/\/schema.org","@graph":[{"@type":"Organization","@id":"https:\/\/www.floresparacolombia.com\/blog\/#organization","name":"Flores Para Colombia S.A.S.","url":"https:\/\/www.floresparacolombia.com\/blog\/","sameAs":["https:\/\/www.instagram.com\/floresparacolombia\/","https:\/\/www.youtube.com\/user\/FloresParaColombia1","https:\/\/co.pinterest.com\/florescolombia\/","https:\/\/www.facebook.com\/FloresparaColombia\/","https:\/\/twitter.com\/florescolombia"],"logo":{"@type":"ImageObject","inLanguage":"es-CO","@id":"https:\/\/www.floresparacolombia.com\/blog\/#\/schema\/logo\/image\/","url":"https:\/\/floreshoy.co\/wp-content\/uploads\/2020\/05\/144x144.png","contentUrl":"https:\/\/floreshoy.co\/wp-content\/uploads\/2020\/05\/144x144.png","width":144,"height":144,"caption":"Flores Para Colombia S.A.S."},"image":{"@id":"https:\/\/www.floresparacolombia.com\/blog\/#\/schema\/logo\/image\/"}},{"@type":"WebSite","@id":"https:\/\/www.floresparacolombia.com\/blog\/#website","url":"https:\/\/www.floresparacolombia.com\/blog\/","name":"Blog","description":"FloresParaColombia.com","publisher":{"@id":"https:\/\/www.floresparacolombia.com\/blog\/#organization"},"potentialAction":[{"@type":"SearchAction","target":{"@type":"EntryPoint","urlTemplate":"https:\/\/www.floresparacolombia.com\/blog\/?s={search_term_string}"},"query-input":"required name=search_term_string"}],"inLanguage":"es-CO"},{"@type":"WebPage","@id":"https:\/\/www.floresparacolombia.com\/blog\/significado-lirios\/","url":"https:\/\/www.floresparacolombia.com\/blog\/significado-lirios\/","name":"Significado lirios, seg\u00fan su color - Blog de Flores \u2705","isPartOf":{"@id":"https:\/\/www.floresparacolombia.com\/blog\/#website"},"datePublished":"2020-07-17T03:26:18+00:00","dateModified":"2024-01-12T17:53:52+00:00","description":"Existen gran variedad de flores y su significado es de gran importancia - Encuentra aqu\u00ed el significado de los Lirios y sus colores \u2705","breadcrumb":{"@id":"https:\/\/www.floresparacolombia.com\/blog\/significado-lirios\/#breadcrumb"},"inLanguage":"es-CO","potentialAction":[{"@type":"ReadAction","target":["https:\/\/www.floresparacolombia.com\/blog\/significado-lirios\/"]}]},{"@type":"BreadcrumbList","@id":"https:\/\/www.floresparacolombia.com\/blog\/significado-lirios\/#breadcrumb","itemListElement":[{"@type":"ListItem","position":1,"name":"Home","item":"https:\/\/www.floresparacolombia.com\/blog\/"},{"@type":"ListItem","position":2,"name":"Significado Lirios"}]}]}},"_links":{"self":[{"href":"https:\/\/www.floresparacolombia.com\/blog\/wp-json\/wp\/v2\/pages\/208"}],"collection":[{"href":"https:\/\/www.floresparacolombia.com\/blog\/wp-json\/wp\/v2\/pages"}],"about":[{"href":"https:\/\/www.floresparacolombia.com\/blog\/wp-json\/wp\/v2\/types\/page"}],"author":[{"embeddable":true,"href":"https:\/\/www.floresparacolombia.com\/blog\/wp-json\/wp\/v2\/users\/1"}],"replies":[{"embeddable":true,"href":"https:\/\/www.floresparacolombia.com\/blog\/wp-json\/wp\/v2\/comments?post=208"}],"version-history":[{"count":5,"href":"https:\/\/www.floresparacolombia.com\/blog\/wp-json\/wp\/v2\/pages\/208\/revisions"}],"predecessor-version":[{"id":1502,"href":"https:\/\/www.floresparacolombia.com\/blog\/wp-json\/wp\/v2\/pages\/208\/revisions\/1502"}],"wp:featuredmedia":[{"embeddable":true,"href":"https:\/\/www.floresparacolombia.com\/blog\/wp-json\/wp\/v2\/media\/1521"}],"wp:attachment":[{"href":"https:\/\/www.floresparacolombia.com\/blog\/wp-json\/wp\/v2\/media?parent=208"}],"curies":[{"name":"wp","href":"https:\/\/api.w.org\/{rel}","templated":true}]}}